 remainder when 90628567 is divided by 51847?
11
What is the remainder when 8009071 is divided by 46?
11
What is the remainder when 229380 is divided by 3267?
690
Calculate the remainder when 45124 is divided by 9204.
8308
What is the remainder when 3920788 is divided by 356435?
3
What is the remainder when 93389155 is divided by 70?
55
What is the remainder when 130830392 is divided by 43610120?
32
What is the remainder when 18681447 is divided by 302?
29
Calculate the remainder when 82141 is divided by 81992.
149
Calculate the remainder when 12274695 is divided by 144.
135
Calculate the remainder when 8732577 is divided by 207918.
21
Calculate the remainder when 865052 is divided by 3500.
552
What is the remainder when 412427865 is divided by 181?
179
What is the remainder when 13183376 is divided by 6591600?
176
Calculate the remainder when 49466524 is divided by 26.
16
Calculate the remainder when 14197785 is divided by 306.
303
Calculate the remainder when 5740 is divided by 814.
42
Calculate the remainder when 3930143 is divided by 1353.
1031
What is the remainder when 5635 is divided by 5601?
34
Calculate the remainder when 380896 is divided by 2127.
163
Calculate the remainder when 27273443 is divided by 378.
365
What is the remainder when 11686834 is divided by 3895603?
25
What is the remainder when 373212 is divided by 1020?
912
What is the remainder when 31130510 is divided by 20?
10
What is the remainder when 901821 is divided by 2699?
355
Calculate the remainder when 2561988 is divided by 150698.
122
What is the remainder when 486240 is divided by 196?
160
Calculate the remainder when 4732734 is divided by 2223.
2190
Calculate the remainder when 1048139113 is divided by 17.
16
What is the remainder when 497483059 is divided by 4090?
4089
What is the remainder when 140274486 is divided by 339?
15
Calculate the remainder when 13520623 is divided by 7.
4
What is the remainder when 757564 is divided by 27055?
24
Calculate the remainder when 26558 is divided by 785.
653
Calculate the remainder when 4877769 is divided by 247.
13
What is the remainder when 242207 is divided by 242048?
159
What is the remainder when 43579297 is divided by 864?
1
Calculate the remainder when 59945 is divided by 1470.
1145
Calculate the remainder when 3136741 is divided by 22729.
139
Calculate the remainder when 1260911 is divided by 10777.
2
What is the remainder when 340067 is divided by 1379?
833
Calculate the remainder when 266042 is divided by 77.
7
What is the remainder when 207331 is divided by 864?
835
What is the remainder when 3604639 is divided by 6?
1
Calculate the remainder when 276507 is divided by 172.
103
What is the remainder when 935059 is divided by 1452?
1423
What is the remainder when 4348334 is divided by 8?
6
What is the remainder when 91108 is divided by 2680?
2668
Calculate the remainder when 108128266 is divided by 21625653.
1
Calculate the remainder when 18845865 is divided by 80.
25
Calculate the remainder when 2061083 is divided by 300.
83
Calculate the remainder when 886044 is divided by 221506.
20
What is the remainder when 3621713 is divided by 109744?
161
What is the remainder when 7554056 is divided by 80362?
28
Calculate the remainder when 19218 is divided by 15819.
3399
Calculate the remainder when 830463 is divided by 9770.
13
What is the remainder when 3607677 is divided by 1678?
1655
What is the remainder when 491635 is divided by 27?
19
What is the remainder when 11737217 is divided by 186305?
2
What is the remainder when 2675227 is divided by 13376?
27
Calculate the remainder when 18462640 is divided by 45.
40
Calculate the remainder when 241673 is divided by 388.
337
Calculate the remainder when 802323 is divided by 32085.
198
Calculate the remainder when 1798739 is divided by 108.
107
What is the remainder when 25000224 is divided by 1047?
1005
What is the remainder when 440979 is divided by 1960?
1939
What is the remainder when 91785 is divided by 6291?
3711
Calculate the remainder when 158188 is divided by 202.
22
What is the remainder when 50451974 is divided by 27?
17
What is the remainder when 8108 is divided by 736?
12
What is the remainder when 584919 is divided by 40?
39
Calculate the remainder when 356000 is divided by 355979.
21
What is the remainder when 12902151 is divided by 1041?
1038
Calculate the remainder when 4914886 is divided by 7.
4
What is the remainder when 671611 is divided by 1388?
1207
Calculate the remainder when 2237357 is divided by 117751.
88
Calculate the remainder when 238152 is divided by 9153.
174
What is the remainder when 4115780 is divided by 226?
94
What is the remainder when 1222485 is divided by 106?
93
What is the remainder when 665159 is divided by 332561?
37
What is the remainder when 108911087 is divided by 208?
207
What is the remainder when 51847486 is divided by 93?
79
What is the remainder when 402229 is divided by 104?
61
What is the remainder when 3878975 is divided by 557?
27
Calculate the remainder when 230657567 is divided by 26.
23
What is the remainder when 288669 is divided by 261?
3
Calculate the remainder when 153287 is divided by 176.
167
What is the remainder when 47102 is divided by 2236?
146
What is the remainder when 94136902 is divided by 24?
22
What is the remainder when 81319 is divided by 10142?
183
Calculate the remainder when 2000046 is divided by 3914.
3906
Calculate the remainder when 352184 is divided by 173210.
5764
What is the remainder when 35058014 is divided by 224?
222
What is the remainder when 871960 is divided by 5131?
4821
Calculate the remainder when 53247 is divided by 8852.
135
What is the remainder when 407220 is divided by 407171?
49
What is the remainder when 1217187673 is divided by 425?
423
Calculate the remainder when 18073309 is divided by 9036653.
3
What is the remainder when 266636955 is divided by 19?
18
Calculate the remainder when 141406 is divided by 1650.
1156
Calculate the remainder when 15257069 is divided by 10.
9
What is the remainder when 51772 is divided by 6017?
3636
Calculate the remainder when 1119190 is divided by 1106.
1024
Calculate the remainder when 32714524 is divided by 71.
67
What is the remainder when 22362 is divided by 1317?
1290
Calculate the remainder when 104180397 is divided by 180.
177
Calculate the remainder when 395346 is divided by 1136.
18
Calculate the remainder when 39765 is divided by 999.
804
Calculate the remainder when 360904 is divided by 11.
5
Calculate the remainder when 6286063 is divided by 47.
1
Calculate the remainder when 183583 is divided by 200.
183
What is the remainder when 25733 is divided by 12607?
519
Calculate the remainder when 692945 is divided by 124.
33
Calculate the remainder when 832488 is divided by 416232.
24
Calculate the remainder when 1754318 is divided by 584511.
785
What is the remainder when 2865960 is divided by 66650?
10
Calculate the remainder when 2057840 is divided by 44.
4
What is the remainder when 24460 is divided by 178?
74
What is the remainder when 7188142 is divided by 1797033?
10
Calculate the remainder when 6241274 is divided by 1248254.
4
Calculate the remainder when 28994 is divided by 20118.
8876
Calculate the remainder when 10015098 is divided by 770391.
15
Calculate the remainder when 4183744 is divided by 366.
364
What is the remainder when 864 is divided by 92?
36
Calculate the remainder when 15257312 is divided by 2179601.
105
What is the remainder when 1066109 is divided by 362?
19
What is the remainder when 334190 is divided by 489?
203
What is the remainder when 4829099 is divided by 28?
23
Calculate the remainder when 110231984 is divided by 69.
68
Calculate the remainder when 7084164 is divided by 120070.
34
Calculate the remainder when 8060453 is divided by 70.
23
Calculate the remainder when 3654516 is divided by 44.
8
Calculate the remainder when 8745459 is divided by 27.
24
Calculate the remainder when 14558 is divided by 482.
98
Calculate the remainder when 5246661 is divided by 36.
21
Calculate the remainder when 2166973 is divided by 42.
25
What is the remainder when 393237 is divided by 18725?
12
Calculate the remainder when 216688 is divided by 699.
697
What is the remainder when 5678929 is divided by 11135?
79
Wh